{"id":4703,"date":"2020-05-14T09:11:25","date_gmt":"2020-05-14T07:11:25","guid":{"rendered":"https:\/\/tallerorfebreria.com\/?post_type=product&#038;p=4703"},"modified":"2024-03-13T11:22:01","modified_gmt":"2024-03-13T10:22:01","slug":"corona-orfebreria","status":"publish","type":"product","link":"https:\/\/tallerorfebreria.com\/index.php\/product\/corona-orfebreria\/","title":{"rendered":"Corona de Orfebrer\u00eda"},"content":{"rendered":"<p>Corona de Orfebrer\u00eda, realizada en metal con ba\u00f1o de oro.<\/p>\n<p>Os presentamos una corona de orfebrer\u00eda con resplandor realizada en nuestro taller de orfebrer\u00eda. El di\u00e1metro del canasto de la corona de orfebrer\u00eda es de 10cm. Tambi\u00e9n podemos hacer el canasto un poco m\u00e1s peque\u00f1o, 9 cm y un poco m\u00e1s grande, 11 cm. Es ideal para una virgen de 1 metro y 10 cm aproximadamente. Aunque lo que verdaderamente necesitamos saber, es el tama\u00f1o de la cabeza de la imagen.<\/p>\n<p>Est\u00e1 realizada en metal con ba\u00f1o de plata. Como es un trabajo artesanal, tambi\u00e9n podemos hacerlo en metal con ba\u00f1o de oro de 24 kilates. Trabajamos con ba\u00f1os de alta calidad, los cuales son muy duraderos en el tiempo. Aunque se trata de una corona m\u00e1s peque\u00f1a, damos el mismo acabado y la misma forma de trabajar que a una corona que se utiliza en cualquier salida de semana santa.<\/p>\n<p>Se trata de un modelo realizado por nosotros mismos. Para economizar el precio final, hemos realizado un molde, para poder realizar una peque\u00f1a serie. No obstante tambi\u00e9n hacemos coronas de orfebrer\u00eda de dise\u00f1os exclusivos. Normalmente este tipo de trabajos solemos hacerlo para hermandades.<\/p>\n<p>Somos un taller de orfebrer\u00eda peque\u00f1o hemos realizado varias coronas de orfebrer\u00eda para v\u00edrgenes de diferentes ciudades de toda Espa\u00f1a. Trabajamos con hermandades y clientes de Sevilla, C\u00f3rdoba, Ja\u00e9n, Huelva, Ciudad Real, Toledo&#8230;<\/p>\n<p>En nuestras <a href=\"https:\/\/www.facebook.com\/sevicor.taller.orfebreria\">redes sociales<\/a>\u00a0 y <a href=\"https:\/\/tallerorfebreria.com\/index.php\/blog\/\">blog<\/a> pod\u00e9is ver todas nuestras novedades. Vamos subiendo fotos de trabajos nuevos y noticias cofrades en general.<\/p>\n<p>Si eres una hermandad de semana santa o una hermandad de gloria y quieres un trabajo de orfebrer\u00eda personalizado, pueden mandarnos un email a info@tallerorfebreria.com .somos un taller de orfebrer\u00eda artesano y nos adaptamos a cada cliente o hermandad. Normalmente tenemos dos formas de trabajar. El cliente puede aportar el dise\u00f1o de la corona de orfebrer\u00eda, o si lo prefieren nosotros tambi\u00e9n podemos hacer el dise\u00f1o. Una vez aprobado el dise\u00f1o por parte de la hermandad, entonces pasar\u00edamos a la realizaci\u00f3n de la pieza en el taller.<\/p>\n","protected":false},"excerpt":{"rendered":"<p>Corona de Orfebrer\u00eda, realizada en metal con ba\u00f1o de oro. Os presentamos una corona de orfebrer\u00eda con resplandor realizada en nuestro taller de orfebrer\u00eda. El di\u00e1metro del canasto de la corona de orfebrer\u00eda es de 10cm. Tambi\u00e9n podemos hacer el canasto un poco m\u00e1s peque\u00f1o, 9 cm y un poco m\u00e1s grande, 11 cm. Es [&hellip;]<\/p>\n","protected":false},"featured_media":4704,"comment_status":"open","ping_status":"closed","template":"","meta":[],"product_cat":[73],"product_tag":[],"yoast_head":"<!-- This site is optimized with the Yoast SEO plugin v20.11 - https:\/\/yoast.com\/wordpress\/plugins\/seo\/ -->\n<title>Corona de orfebrer\u00eda realizada en metal con ba\u00f1o de oro<\/title>\n<meta name=\"description\" content=\"corona de orfebrer\u00eda realizada de forma artesanal en metal con ba\u00f1o de oro. El di\u00e1metro del canasto mide 10cm. Pero se puede hacer desde 9cm hasta 11 cm.\" \/>\n<meta name=\"robots\" content=\"index, follow, max-snippet:-1, max-image-preview:large, max-video-preview:-1\" \/>\n<link rel=\"canonical\" href=\"https:\/\/tallerorfebreria.com\/index.php\/product\/corona-orfebreria\/\" \/>\n<meta property=\"og:locale\" content=\"es_ES\" \/>\n<meta property=\"og:type\" content=\"article\" \/>\n<meta property=\"og:title\" content=\"Corona de orfebrer\u00eda realizada en metal con ba\u00f1o de oro\" \/>\n<meta property=\"og:description\" content=\"corona de orfebrer\u00eda realizada de forma artesanal en metal con ba\u00f1o de oro. El di\u00e1metro del canasto mide 10cm. Pero se puede hacer desde 9cm hasta 11 cm.\" \/>\n<meta property=\"og:url\" content=\"https:\/\/tallerorfebreria.com\/index.php\/product\/corona-orfebreria\/\" \/>\n<meta property=\"og:site_name\" content=\"Sevicor\" \/>\n<meta property=\"article:modified_time\" content=\"2024-03-13T10:22:01+00:00\" \/>\n<meta property=\"og:image\" content=\"https:\/\/tallerorfebreria.com\/wp-content\/uploads\/2020\/05\/IMG_5916.jpg\" \/>\n\t<meta property=\"og:image:width\" content=\"1024\" \/>\n\t<meta property=\"og:image:height\" content=\"1024\" \/>\n\t<meta property=\"og:image:type\" content=\"image\/jpeg\" \/>\n<meta name=\"twitter:card\" content=\"summary_large_image\" \/>\n<meta name=\"twitter:label1\" content=\"Tiempo de lectura\" \/>\n\t<meta name=\"twitter:data1\" content=\"2 minutos\" \/>\n<script type=\"application\/ld+json\" class=\"yoast-schema-graph\">{\"@context\":\"https:\/\/schema.org\",\"@graph\":[{\"@type\":\"WebPage\",\"@id\":\"https:\/\/tallerorfebreria.com\/index.php\/product\/corona-orfebreria\/\",\"url\":\"https:\/\/tallerorfebreria.com\/index.php\/product\/corona-orfebreria\/\",\"name\":\"Corona de orfebrer\u00eda realizada en metal con ba\u00f1o de oro\",\"isPartOf\":{\"@id\":\"https:\/\/tallerorfebreria.com\/#website\"},\"datePublished\":\"2020-05-14T07:11:25+00:00\",\"dateModified\":\"2024-03-13T10:22:01+00:00\",\"description\":\"corona de orfebrer\u00eda realizada de forma artesanal en metal con ba\u00f1o de oro. El di\u00e1metro del canasto mide 10cm. Pero se puede hacer desde 9cm hasta 11 cm.\",\"breadcrumb\":{\"@id\":\"https:\/\/tallerorfebreria.com\/index.php\/product\/corona-orfebreria\/#breadcrumb\"},\"inLanguage\":\"es\",\"potentialAction\":[{\"@type\":\"ReadAction\",\"target\":[\"https:\/\/tallerorfebreria.com\/index.php\/product\/corona-orfebreria\/\"]}]},{\"@type\":\"BreadcrumbList\",\"@id\":\"https:\/\/tallerorfebreria.com\/index.php\/product\/corona-orfebreria\/#breadcrumb\",\"itemListElement\":[{\"@type\":\"ListItem\",\"position\":1,\"name\":\"Home\",\"item\":\"https:\/\/tallerorfebreria.com\/\"},{\"@type\":\"ListItem\",\"position\":2,\"name\":\"Tienda\",\"item\":\"https:\/\/tallerorfebreria.com\/index.php\/tienda\/\"},{\"@type\":\"ListItem\",\"position\":3,\"name\":\"Corona de Orfebrer\u00eda\"}]},{\"@type\":\"WebSite\",\"@id\":\"https:\/\/tallerorfebreria.com\/#website\",\"url\":\"https:\/\/tallerorfebreria.com\/\",\"name\":\"Sevicor\",\"description\":\"Taller de Orfebrer\u00eda\",\"potentialAction\":[{\"@type\":\"SearchAction\",\"target\":{\"@type\":\"EntryPoint\",\"urlTemplate\":\"https:\/\/tallerorfebreria.com\/?s={search_term_string}\"},\"query-input\":\"required name=search_term_string\"}],\"inLanguage\":\"es\"}]}<\/script>\n<!-- \/ Yoast SEO plugin. -->","yoast_head_json":{"title":"Corona de orfebrer\u00eda realizada en metal con ba\u00f1o de oro","description":"corona de orfebrer\u00eda realizada de forma artesanal en metal con ba\u00f1o de oro. El di\u00e1metro del canasto mide 10cm. Pero se puede hacer desde 9cm hasta 11 cm.","robots":{"index":"index","follow":"follow","max-snippet":"max-snippet:-1","max-image-preview":"max-image-preview:large","max-video-preview":"max-video-preview:-1"},"canonical":"https:\/\/tallerorfebreria.com\/index.php\/product\/corona-orfebreria\/","og_locale":"es_ES","og_type":"article","og_title":"Corona de orfebrer\u00eda realizada en metal con ba\u00f1o de oro","og_description":"corona de orfebrer\u00eda realizada de forma artesanal en metal con ba\u00f1o de oro. El di\u00e1metro del canasto mide 10cm. Pero se puede hacer desde 9cm hasta 11 cm.","og_url":"https:\/\/tallerorfebreria.com\/index.php\/product\/corona-orfebreria\/","og_site_name":"Sevicor","article_modified_time":"2024-03-13T10:22:01+00:00","og_image":[{"url":"https:\/\/tallerorfebreria.com\/wp-content\/uploads\/2020\/05\/IMG_5916.jpg","width":1024,"height":1024,"type":"image\/jpeg"}],"twitter_card":"summary_large_image","twitter_misc":{"Tiempo de lectura":"2 minutos"},"schema":{"@context":"https:\/\/schema.org","@graph":[{"@type":"WebPage","@id":"https:\/\/tallerorfebreria.com\/index.php\/product\/corona-orfebreria\/","url":"https:\/\/tallerorfebreria.com\/index.php\/product\/corona-orfebreria\/","name":"Corona de orfebrer\u00eda realizada en metal con ba\u00f1o de oro","isPartOf":{"@id":"https:\/\/tallerorfebreria.com\/#website"},"datePublished":"2020-05-14T07:11:25+00:00","dateModified":"2024-03-13T10:22:01+00:00","description":"corona de orfebrer\u00eda realizada de forma artesanal en metal con ba\u00f1o de oro. El di\u00e1metro del canasto mide 10cm. Pero se puede hacer desde 9cm hasta 11 cm.","breadcrumb":{"@id":"https:\/\/tallerorfebreria.com\/index.php\/product\/corona-orfebreria\/#breadcrumb"},"inLanguage":"es","potentialAction":[{"@type":"ReadAction","target":["https:\/\/tallerorfebreria.com\/index.php\/product\/corona-orfebreria\/"]}]},{"@type":"BreadcrumbList","@id":"https:\/\/tallerorfebreria.com\/index.php\/product\/corona-orfebreria\/#breadcrumb","itemListElement":[{"@type":"ListItem","position":1,"name":"Home","item":"https:\/\/tallerorfebreria.com\/"},{"@type":"ListItem","position":2,"name":"Tienda","item":"https:\/\/tallerorfebreria.com\/index.php\/tienda\/"},{"@type":"ListItem","position":3,"name":"Corona de Orfebrer\u00eda"}]},{"@type":"WebSite","@id":"https:\/\/tallerorfebreria.com\/#website","url":"https:\/\/tallerorfebreria.com\/","name":"Sevicor","description":"Taller de Orfebrer\u00eda","potentialAction":[{"@type":"SearchAction","target":{"@type":"EntryPoint","urlTemplate":"https:\/\/tallerorfebreria.com\/?s={search_term_string}"},"query-input":"required name=search_term_string"}],"inLanguage":"es"}]}},"amp_enabled":true,"_links":{"self":[{"href":"https:\/\/tallerorfebreria.com\/index.php\/wp-json\/wp\/v2\/product\/4703"}],"collection":[{"href":"https:\/\/tallerorfebreria.com\/index.php\/wp-json\/wp\/v2\/product"}],"about":[{"href":"https:\/\/tallerorfebreria.com\/index.php\/wp-json\/wp\/v2\/types\/product"}],"replies":[{"embeddable":true,"href":"https:\/\/tallerorfebreria.com\/index.php\/wp-json\/wp\/v2\/comments?post=4703"}],"wp:featuredmedia":[{"embeddable":true,"href":"https:\/\/tallerorfebreria.com\/index.php\/wp-json\/wp\/v2\/media\/4704"}],"wp:attachment":[{"href":"https:\/\/tallerorfebreria.com\/index.php\/wp-json\/wp\/v2\/media?parent=4703"}],"wp:term":[{"taxonomy":"product_cat","embeddable":true,"href":"https:\/\/tallerorfebreria.com\/index.php\/wp-json\/wp\/v2\/product_cat?post=4703"},{"taxonomy":"product_tag","embeddable":true,"href":"https:\/\/tallerorfebreria.com\/index.php\/wp-json\/wp\/v2\/product_tag?post=4703"}],"curies":[{"name":"wp","href":"https:\/\/api.w.org\/{rel}","templated":true}]}}