{"id":4864,"date":"2020-06-25T12:18:41","date_gmt":"2020-06-25T10:18:41","guid":{"rendered":"https:\/\/tallerorfebreria.com\/?post_type=product&#038;p=4864"},"modified":"2026-02-13T13:22:56","modified_gmt":"2026-02-13T12:22:56","slug":"gemelos-hermandades","status":"publish","type":"product","link":"https:\/\/tallerorfebreria.com\/index.php\/product\/gemelos-hermandades\/","title":{"rendered":"Gemelos Hermandades"},"content":{"rendered":"","protected":false},"excerpt":{"rendered":"<div id=\"short_description_block\">\n<div id=\"short_description_content\" class=\"rte align_justify\">\n<p style=\"text-align: justify;\">Gemelos r\u00e9plica del escudo de tu hermandad. Pregunta sin compromiso. Est\u00e1n realizados en plata de ley.<\/p>\n<p style=\"text-align: justify;\">El tama\u00f1o del escudo es 20 mm.<\/p>\n<p style=\"text-align: justify;\">Tambi\u00e9n est\u00e1 disponible en colgante y pin siendo el mismo tama\u00f1o.<\/p>\n<\/div>\n<\/div>\n","protected":false},"featured_media":6594,"comment_status":"open","ping_status":"closed","template":"","meta":[],"product_cat":[81],"product_tag":[],"yoast_head":"<!-- This site is optimized with the Yoast SEO plugin v20.11 - https:\/\/yoast.com\/wordpress\/plugins\/seo\/ -->\n<title>Gemelos Hermandades - Sevicor<\/title>\n<meta name=\"robots\" content=\"index, follow, max-snippet:-1, max-image-preview:large, max-video-preview:-1\" \/>\n<link rel=\"canonical\" href=\"https:\/\/tallerorfebreria.com\/index.php\/product\/gemelos-hermandades\/\" \/>\n<meta property=\"og:locale\" content=\"es_ES\" \/>\n<meta property=\"og:type\" content=\"article\" \/>\n<meta property=\"og:title\" content=\"Gemelos Hermandades - Sevicor\" \/>\n<meta property=\"og:description\" content=\"Gemelos r\u00e9plica del escudo de tu hermandad. Pregunta sin compromiso. Est\u00e1n realizados en plata de ley. El tama\u00f1o del escudo es 20 mm. Tambi\u00e9n est\u00e1 disponible en colgante y pin siendo el mismo tama\u00f1o.\" \/>\n<meta property=\"og:url\" content=\"https:\/\/tallerorfebreria.com\/index.php\/product\/gemelos-hermandades\/\" \/>\n<meta property=\"og:site_name\" content=\"Sevicor\" \/>\n<meta property=\"article:modified_time\" content=\"2026-02-13T12:22:56+00:00\" \/>\n<meta property=\"og:image\" content=\"https:\/\/tallerorfebreria.com\/wp-content\/uploads\/2020\/06\/WhatsApp-Image-2020-06-22-at-17.59.40-1.jpeg\" \/>\n\t<meta property=\"og:image:width\" content=\"1597\" \/>\n\t<meta property=\"og:image:height\" content=\"1600\" \/>\n\t<meta property=\"og:image:type\" content=\"image\/jpeg\" \/>\n<meta name=\"twitter:card\" content=\"summary_large_image\" \/>\n<script type=\"application\/ld+json\" class=\"yoast-schema-graph\">{\"@context\":\"https:\/\/schema.org\",\"@graph\":[{\"@type\":\"WebPage\",\"@id\":\"https:\/\/tallerorfebreria.com\/index.php\/product\/gemelos-hermandades\/\",\"url\":\"https:\/\/tallerorfebreria.com\/index.php\/product\/gemelos-hermandades\/\",\"name\":\"Gemelos Hermandades - Sevicor\",\"isPartOf\":{\"@id\":\"https:\/\/tallerorfebreria.com\/#website\"},\"datePublished\":\"2020-06-25T10:18:41+00:00\",\"dateModified\":\"2026-02-13T12:22:56+00:00\",\"breadcrumb\":{\"@id\":\"https:\/\/tallerorfebreria.com\/index.php\/product\/gemelos-hermandades\/#breadcrumb\"},\"inLanguage\":\"es\",\"potentialAction\":[{\"@type\":\"ReadAction\",\"target\":[\"https:\/\/tallerorfebreria.com\/index.php\/product\/gemelos-hermandades\/\"]}]},{\"@type\":\"BreadcrumbList\",\"@id\":\"https:\/\/tallerorfebreria.com\/index.php\/product\/gemelos-hermandades\/#breadcrumb\",\"itemListElement\":[{\"@type\":\"ListItem\",\"position\":1,\"name\":\"Home\",\"item\":\"https:\/\/tallerorfebreria.com\/\"},{\"@type\":\"ListItem\",\"position\":2,\"name\":\"Tienda\",\"item\":\"https:\/\/tallerorfebreria.com\/index.php\/tienda\/\"},{\"@type\":\"ListItem\",\"position\":3,\"name\":\"Gemelos Hermandades\"}]},{\"@type\":\"WebSite\",\"@id\":\"https:\/\/tallerorfebreria.com\/#website\",\"url\":\"https:\/\/tallerorfebreria.com\/\",\"name\":\"Sevicor\",\"description\":\"Taller de Orfebrer\u00eda\",\"potentialAction\":[{\"@type\":\"SearchAction\",\"target\":{\"@type\":\"EntryPoint\",\"urlTemplate\":\"https:\/\/tallerorfebreria.com\/?s={search_term_string}\"},\"query-input\":\"required name=search_term_string\"}],\"inLanguage\":\"es\"}]}<\/script>\n<!-- \/ Yoast SEO plugin. -->","yoast_head_json":{"title":"Gemelos Hermandades - Sevicor","robots":{"index":"index","follow":"follow","max-snippet":"max-snippet:-1","max-image-preview":"max-image-preview:large","max-video-preview":"max-video-preview:-1"},"canonical":"https:\/\/tallerorfebreria.com\/index.php\/product\/gemelos-hermandades\/","og_locale":"es_ES","og_type":"article","og_title":"Gemelos Hermandades - Sevicor","og_description":"Gemelos r\u00e9plica del escudo de tu hermandad. Pregunta sin compromiso. Est\u00e1n realizados en plata de ley. El tama\u00f1o del escudo es 20 mm. Tambi\u00e9n est\u00e1 disponible en colgante y pin siendo el mismo tama\u00f1o.","og_url":"https:\/\/tallerorfebreria.com\/index.php\/product\/gemelos-hermandades\/","og_site_name":"Sevicor","article_modified_time":"2026-02-13T12:22:56+00:00","og_image":[{"width":1597,"height":1600,"url":"https:\/\/tallerorfebreria.com\/wp-content\/uploads\/2020\/06\/WhatsApp-Image-2020-06-22-at-17.59.40-1.jpeg","type":"image\/jpeg"}],"twitter_card":"summary_large_image","schema":{"@context":"https:\/\/schema.org","@graph":[{"@type":"WebPage","@id":"https:\/\/tallerorfebreria.com\/index.php\/product\/gemelos-hermandades\/","url":"https:\/\/tallerorfebreria.com\/index.php\/product\/gemelos-hermandades\/","name":"Gemelos Hermandades - Sevicor","isPartOf":{"@id":"https:\/\/tallerorfebreria.com\/#website"},"datePublished":"2020-06-25T10:18:41+00:00","dateModified":"2026-02-13T12:22:56+00:00","breadcrumb":{"@id":"https:\/\/tallerorfebreria.com\/index.php\/product\/gemelos-hermandades\/#breadcrumb"},"inLanguage":"es","potentialAction":[{"@type":"ReadAction","target":["https:\/\/tallerorfebreria.com\/index.php\/product\/gemelos-hermandades\/"]}]},{"@type":"BreadcrumbList","@id":"https:\/\/tallerorfebreria.com\/index.php\/product\/gemelos-hermandades\/#breadcrumb","itemListElement":[{"@type":"ListItem","position":1,"name":"Home","item":"https:\/\/tallerorfebreria.com\/"},{"@type":"ListItem","position":2,"name":"Tienda","item":"https:\/\/tallerorfebreria.com\/index.php\/tienda\/"},{"@type":"ListItem","position":3,"name":"Gemelos Hermandades"}]},{"@type":"WebSite","@id":"https:\/\/tallerorfebreria.com\/#website","url":"https:\/\/tallerorfebreria.com\/","name":"Sevicor","description":"Taller de Orfebrer\u00eda","potentialAction":[{"@type":"SearchAction","target":{"@type":"EntryPoint","urlTemplate":"https:\/\/tallerorfebreria.com\/?s={search_term_string}"},"query-input":"required name=search_term_string"}],"inLanguage":"es"}]}},"amp_enabled":true,"_links":{"self":[{"href":"https:\/\/tallerorfebreria.com\/index.php\/wp-json\/wp\/v2\/product\/4864"}],"collection":[{"href":"https:\/\/tallerorfebreria.com\/index.php\/wp-json\/wp\/v2\/product"}],"about":[{"href":"https:\/\/tallerorfebreria.com\/index.php\/wp-json\/wp\/v2\/types\/product"}],"replies":[{"embeddable":true,"href":"https:\/\/tallerorfebreria.com\/index.php\/wp-json\/wp\/v2\/comments?post=4864"}],"wp:featuredmedia":[{"embeddable":true,"href":"https:\/\/tallerorfebreria.com\/index.php\/wp-json\/wp\/v2\/media\/6594"}],"wp:attachment":[{"href":"https:\/\/tallerorfebreria.com\/index.php\/wp-json\/wp\/v2\/media?parent=4864"}],"wp:term":[{"taxonomy":"product_cat","embeddable":true,"href":"https:\/\/tallerorfebreria.com\/index.php\/wp-json\/wp\/v2\/product_cat?post=4864"},{"taxonomy":"product_tag","embeddable":true,"href":"https:\/\/tallerorfebreria.com\/index.php\/wp-json\/wp\/v2\/product_tag?post=4864"}],"curies":[{"name":"wp","href":"https:\/\/api.w.org\/{rel}","templated":true}]}}